the prime factors of (r - 52/(-12))*105.
5, 7
Let k be -18 + 0 - 0/(-11). Let t = k + 3. What are the prime factors of 6/t + (-17)/(-5)?
3
List the prime factors of (72/32)/((-12)/(-11936)).
2, 3, 373
Suppose 2*l - 7*l + 35 = 0. Suppose 88 = 3*x + l. List the prime factors of x.
3
Suppose -6*g + 8*g + 34 = 0. Let s = g - -32. What are the prime factors of s?
3, 5
Let z = 16 + -12. Suppose 4*h - z*d = 320 + 240, -279 = -2*h + d. What are the prime factors of h?
139
Suppose 5*k = 3*k - 10, -4*y + 2*k + 34 = 0. Let h(s) = 8*s - 4 - 9*s + y + 0*s. What are the prime factors of h(-8)?
2, 5
Let i be 109/4 + (-9)/(-12). Suppose -3*a + 3*x + 429 = 0, a + i = -x + 161. Suppose 0 = -2*l + a - 24. List the prime factors of l.
3, 19
Suppose -2 = -3*n - 2*l - 0, -2*l = n + 6. List the prime factors of 77/2 + n/(-8).
2, 19
Suppose 3*i + 1349 = 5*h - 0*h, 530 = 2*h + 2*i. What are the prime factors of h?
2, 67
Let z be (-4360)/(-24) + (-2)/(-6). Suppose -o + 4*r + z = 2*o, -2*r = o - 54. List the prime factors of o.
2, 29
Let u(g) = 2*g**2 + g + 1. Let h be u(-2). Let t(x) = -x**2 - 32*x - 40. Let k be t(-30). Suppose -h*a + 3*a = -k. What are the prime factors of a?
5
Suppose -14*b - 171 = -4119. List the prime factors of b.
2, 3, 47
Let n(j) = j**2 - 19. What are the prime factors of n(26)?
3, 73
Suppose 5*i - 81 - 340 = h, 0 = h + 2*i + 393. Let m = -154 - h. What are the prime factors of m?
13, 19
Suppose -3*c = 4*u - 393, -c - 2*c + 4*u + 417 = 0. Suppose -r = -4*x - 45 - 85, r - 5*x = c. Suppose l - r = -4*l. List the prime factors of l.
2, 11
Let t = 25 + -23. List the prime factors of t/7 - (-868)/49.
2, 3
Suppose 4*x + 6505 - 2301 = 4*z, 2*x = -5*z + 5248. List the prime factors of z.
2, 3, 5, 7
Let k(t) = 276*t - 615. List the prime factors of k(12).
3, 29, 31
Suppose -m = -2*v - 891, 2*m - 2210 + 416 = v. What are the prime factors of m?
29, 31
Suppose 5*b = -0*b - 20. What are the prime factors of (-500)/(2 + b) + -1?
3, 83
Let s be (-14)/49 - (-1012)/14. Let a be 3440/s + 6/27. Suppose 5*z = 32 + a. What are the prime factors of z?
2
Let c(i) = -i**3 - 27*i**2 + 39*i - 128. List the prime factors of c(-32).
2, 3, 13
Let y(c) = -8*c + 5. Let h be y(7). List the prime factors of 9/(-12) + h/(-4).
2, 3
Let j = -831 + 881. List the prime factors of j.
2, 5
Let x be ((-22)/5 + 4)*-5. Suppose y - 59 = -5*c, -y - x*y + c = -177. What are the prime factors of y?
59
Let m(j) = 2*j**3 + 1. Let x be m(-1). Let d(s) = 26*s - 72. Let p be d(7). List the prime factors of (8/x)/((-20)/p).
2, 11
Suppose 2*u + 5*p = -22 - 6, 2*p + 28 = -2*u. List the prime factors of (-2625)/u*1/((-6)/(-8)).
2, 5
Suppose 24*y - 27*y + 2817 = 0. List the prime factors of y.
3, 313
Let b be (-72)/(-2) + 3 + 49/(-7). Suppose -3*k = -3*y - 138, 2*y + 15 = k - b. What are the prime factors of k?
3, 5
Let w(n) = -40*n + 130. What are the prime factors of w(-10)?
2, 5, 53
Suppose -2*m + 2*l + 414 = 0, -3*m = -2*m + l - 215. Suppose -m - 300 = -7*k. List the prime factors of k.
73
Suppose 20 = -5*c, 6*c = -x + 5*c + 612. What are the prime factors of x?
2, 7, 11
Let y(t) = 13*t - 21. Let c be y(15). Suppose 0 = 2*m - 416 - c. List the prime factors of m.
5, 59
Let x(s) = -s**3 - 41*s**2 - 131*s + 79. List the prime factors of x(-39).
2, 29, 37
List the prime factors of ((-4082)/(-12) - 7/42) + 4.
2, 43
Let v(h) = 6*h**2 + 54*h + 14. What are the prime factors of v(-9)?
2, 7
Let b(i) = 81*i - 586. List the prime factors of b(26).
2, 5, 19
Let z(u) = 7*u**2 + 2*u - 1. Let r be (-3 + 8 - 0)*1. Let i be z(r). Suppose -3*d + 5*d + i = 4*n, -d + 223 = 5*n. List the prime factors of n.
3, 5
Let h(r) = 37*r**2 + 2*r - 27. What are the prime factors of h(4)?
3, 191
Let i(h) = -4*h - 29. Let a be i(-7). Suppose 0 = 3*c + 3*m - 99, 0 = 3*c - 2*m - 142 + 18. Let u = a + c. List the prime factors of u.
37
Suppose f + 5904 = x, 49 - 34 = 3*f. What are the prime factors of x?
19, 311
Let v be 15 + -1 - (-30)/(-6 + 0). Let a(w) = -9*w**2 - 20*w - 13. Let y(z) = 5*z**2 + 10*z + 7. Let b(t) = -6*a(t) - 11*y(t). List the prime factors of b(v).
2, 5
Suppose -2 = 5*b - 27. Suppose 2*o - 3*v = -13, b*v - 3 = -5*o + 2. List the prime factors of (-1)/o + (-141)/(-6).
2, 3
Suppose 27*o - 10258 - 2621 = 0. What are the prime factors of o?
3, 53
Let q(a) = a**2 + 6*a - 3. Let t be q(-7). Suppose -t*s + 2*s = -2. Suppose s = -6*z + 43. What are the prime factors of z?
7
Suppose 5*q - 3179 = -6*q. List the prime factors of q.
17
Let x = 94 - 95. List the prime factors of (-12)/8*(-66 + x - 3).
3, 5, 7
Let s = 19 - 37. What are the prime factors of 116/36 + 4/s?
3
Let s(j) = 278*j + 12. List the prime factors of s(2).
2, 71
Let l(g) = 12*g - 9. Let w(r) = 13*r - 8. Let a = 11 + -5. Let m(x) = a*l(x) - 7*w(x). What are the prime factors of m(-1)?
3, 7
Suppose 4*t + 0 = 4. Let i be 39*(2 + (-3)/t). List the prime factors of (-754)/i - (-4)/6.
2, 5
Suppose -r = -3*r - 2*n + 466, -693 = -3*r + 3*n. List the prime factors of r.
2, 29
Let c = -177 + 277. Let p be -2 - 116/(-6)*-3. Let r = c + p. List the prime factors of r.
2, 5
Let i(g) = 124*g - 473. List the prime factors of i(22).
5, 11, 41
Let a(t) = 45*t + 42. List the prime factors of a(0).
2, 3, 7
Let f be 3 + (6/15)/(2/10). Suppose 0 = f*z + 5*z - 1300. What are the prime factors of z?
2, 5, 13
Suppose q + 4*h - 14 = -0*h, q = 3*h - 21. Let j be q/(3*2/(-93)). Suppose 2*k + 3*b = -k + j, k = 4*b + 16. What are the prime factors of k?
2, 7
Let y(h) = h**2 - 9*h - 6. Let d be y(10). Suppose -q - 22 = d*n - 3*n, -3*q - 50 = -5*n. Let r = q - -39. List the prime factors of r.
19
Suppose 0 = 6*p + p + 630. Let x = p + 122. What are the prime factors of x?
2
Suppose 0 = 2*z + 3*z + 2*r - 115, -4*z = 3*r - 92. Suppose -22*b - 40 = -z*b. What are the prime factors of b?
2, 5
Let o = -118 + 124. What are the prime factors of ((-1476)/(-15))/(o/15)?
2, 3, 41
Let t = -9 - -180. Suppose 0*p - 223 = -4*p + 3*m, 3*p - 3*m = t. Let y = p + -15. What are the prime factors of y?
37
Suppose 4*n + 578 = -2*o, 581 = -4*n - 0*o - o. What are the prime factors of -3*(-4)/(-3) - (n + -6)?
2, 37
List the prime factors of (0 + 180)*(-4)/(-8).
2, 3, 5
Let z = -14 + 18. What are the prime factors of z/(-10) - (-5004)/60?
83
Suppose -64*i - 672 = -68*i. Let y = -144 + i. What are the prime factors of y?
2, 3
Let z = 1205 + -271. What are the prime factors of z?
2, 467
Let b(a) = a**3 - 6*a**2 - 6*a + 3. Let d be b(7). Suppose 149 = -d*i + 629. What are the prime factors of i?
2, 3
Let u(m) = m**2 - m - 8. Suppose -n + 3*o + 12 = -3*n, -4*o = -2*n - 26. Let i(w) = -2*w - 12. Let k be i(n). What are the prime factors of u(k)?
2, 11
Let c(l) = 13*l**2 - 10*l + 1. What are the prime factors of c(8)?
3, 251
Suppose 2*h - 11 + 11 = 0. List the prime factors of h*1/2 + (-1260)/(-14).
2, 3, 5
Let u be 832/(-24)*(-6)/4. Suppose -7*a + 3*a = -u. What are the prime factors of a?
13
Let f = 9 - 5. Let x(r) = -3*r**2 + 12*r + 5. Let i be x(f). Suppose -i*g = -7*g + 56. What are the prime factors of g?
2, 7
Let u(p) = -p + 8. Let r(h) = -h**3 - 9*h**2 - h. Let i be r(-9). Let a be u(i). What are the prime factors of (a + 2)*(-28)/(-2)?
2, 7
Suppose -p - 3*p = 0. Let k = 0 + p. Suppose 4*u - 5*s = -k*u + 72, 77 = 3*u + 2*s. What are the prime factors of u?
23
Let z(k) = 13*k + 8. Let l(j) be the first derivative of -72*j**2 - 88*j + 12. Let d(g) = -5*l(g) - 56*z(g). List the prime factors of d(-6).
2, 5
Let j(s) = 14*s**2 + 3*s - 5. List the prime factors of j(6).
11, 47
Suppose -6*a = -a. What are the prime factors of (a/4 + -1)*-61?
61
Let g = 53 + -53. List the prime factors of (g - -4)/4*157.
157
Suppose -3*x - 2007 = -3*s, 2*x + 190 = -s + 850. List the prime factors of s.
2, 3, 37
Suppose -i = 4*b - 5562, -37*b + 6958 = -32*b + 4*i. What are the prime factors of b?
2, 5, 139
Suppose -9*q + 10 = -7*q. Suppose q*w + 267 = 42. Let x = 29 - w. What are the prime factors of x?
2, 37
Let j(x) = -x**3 - 6*x**2 - 8*x - 10. Let u be ((-30)/35)/((-1)/(-7)). What are the prime factors of j(u)?
2, 19
Let c(s) = 35 - 7*s + 20 - 5 + 9. List the prime factors of c(-18).
5, 37
Suppose -17*d = 4*d - 7770. What are the prime factors of d?
2, 5, 37
Let b be ((-12)/5)/(8/40). Let p = 39 - b. Suppose 2*g - p = -17.